{"id":3422,"date":"2025-02-13T12:04:02","date_gmt":"2025-02-13T14:04:02","guid":{"rendered":"https:\/\/backcountrygreenland.com\/?page_id=3422"},"modified":"2025-02-13T12:04:03","modified_gmt":"2025-02-13T14:04:03","slug":"om-os-2","status":"publish","type":"page","link":"https:\/\/backcountrygreenland.com\/kal\/om-os\/om-os-2\/","title":{"rendered":"Om os"},"content":{"rendered":"<h1>Om os<\/h1>\n<h1>Om os<\/h1>\n<div>\n<p>Hotel Sisimiut har sine r\u00f8dder dybt forankret i Gr\u00f8nlands kultur og historie og er gennem \u00e5rene vokset til at blive en central base for eventyr i Sisimiut. Hotellet blev grundlagt med en vision om at give rejsende en autentisk oplevelse, hvor moderne g\u00e6stfrihed m\u00f8der Gr\u00f8nlands spektakul\u00e6re og r\u00e5 natur. Fra begyndelsen har Hotel Sisimiut sat en \u00e6re i at tilbyde komfortable faciliteter og sp\u00e6ndende oplevelser, der binder g\u00e6sterne t\u00e6ttere til det arktiske landskab.<\/p>\n<\/div>\n<ul>\n<li>\n<p><img decoding=\"async\" src=\"\/wp-content\/uploads\/2024\/12\/Skaermbillede-2024-11-17-kl.-17.14.jpg\" alt=\"\"><\/p>\n<h4>Anette Gr\u00f8nkj\u00e6r Lings<\/h4>\n<hr class=\"uk-divider-small\">\n<div>\n<p>CEO<\/p>\n<\/div>\n<\/li>\n<li>\n<p><img decoding=\"async\" src=\"\/wp-content\/uploads\/2024\/12\/Skaermbillede-2024-12-12-181011.png\" alt=\"\"><\/p>\n<h4>Sisse Bang<\/h4>\n<hr class=\"uk-divider-small\">\n<div>\n<p>Hotel Chef<\/p>\n<\/div>\n<\/li>\n<li>\n<p><img decoding=\"async\" src=\"\/wp-content\/uploads\/2024\/12\/victor-1.png\" alt=\"\"><\/p>\n<h4>Victor Mondejar<\/h4>\n<hr class=\"uk-divider-small\">\n<div>\n<p>K\u00f8kkenchef<\/p>\n<\/div>\n<\/li>\n<li>\n<p><img decoding=\"async\" src=\"\/wp-content\/uploads\/2024\/12\/Noel-2.png\" alt=\"\"><\/p>\n<h4>Noel Mondejar<\/h4>\n<hr class=\"uk-divider-small\">\n<div>\n<p>K\u00f8kkenchef<\/p>\n<\/div>\n<\/li>\n<\/ul>\n<h2>&#8220;P\u00e5 tur &#8211; aldrig sur&#8221;<\/h2>\n<h2>100% Gr\u00f8nlandsk ejet<\/h2>\n<div>\n<p>I 2008 blev Hotel Sisimiut ApS officielt registreret og drives i dag af Anette Gr\u00f8nkj\u00e6r Lings og Bo Lings, med Magnus Agerskov som bestyrelsesformand.<\/p>\n<p>Anette, fungerer som administrerende direkt\u00f8r, og de tre arbejder t\u00e6t sammen for at sikre hotellets fortsatte udvikling. Sammen fokuserer de p\u00e5 at fremme b\u00e6redygtighed, lokal forankring og skabe autentiske oplevelser for g\u00e6sterne. Deres engagement str\u00e6kker sig ud over hotellet, da Anette og Bo ogs\u00e5 har grundlagt Backcountry Greenland, som tilbyder dybdeg\u00e5ende ture i Gr\u00f8nlands fantastiske vildmark.<\/p>\n<p>Hotel Sisimiut er og forbliver 100% gr\u00f8nlandsk ejet. Med en dybf\u00f8lt passion for Gr\u00f8nlands sk\u00f8nhed og eventyr minder Anette ofte om deres filosofi: \u201cP\u00e5 tur \u2013 aldrig sur!\u201d En livsindstilling, der afspejler det engagement og den gl\u00e6de, som hele teamet bringer til arbejdet hver dag.<\/p>\n<\/div>\n<p><img decoding=\"async\" src=\"\/wp-content\/uploads\/2024\/12\/Skaermbillede-2024-11-19-180924.png\" alt=\"\"><\/p>\n<p><!--more--><br \/>\n<!-- {\"type\":\"layout\",\"children\":[{\"type\":\"section\",\"props\":{\"class\":\"uk-light\",\"header_transparent\":true,\"height\":\"viewport\",\"height_offset_top\":true,\"height_viewport\":80,\"image\":\"wp-content\\\/uploads\\\/2024\\\/06\\\/DJI_0614-scaled.jpg\",\"image_loading\":true,\"image_position\":\"center-center\",\"image_size\":\"cover\",\"media_focal_point\":\"center-left\",\"media_overlay_gradient\":\"linear-gradient(180deg, rgba(0,0,0,0) 50%, rgba(0,0,0,0.75) 100%)\",\"style\":\"default\",\"title_breakpoint\":\"xl\",\"title_position\":\"top-left\",\"title_rotation\":\"left\",\"vertical_align\":\"bottom\",\"width\":\"default\"},\"children\":[{\"type\":\"row\",\"props\":{\"layout\":\"1-2,1-2\"},\"children\":[{\"type\":\"column\",\"props\":{\"image_position\":\"center-center\",\"position_sticky_breakpoint\":\"m\",\"width_medium\":\"1-2\"},\"children\":[{\"type\":\"headline\",\"props\":{\"content\":\"Om os\",\"title_element\":\"h1\",\"title_style\":\"heading-large\"}}]},{\"type\":\"column\",\"props\":{\"image_position\":\"center-center\",\"position_sticky_breakpoint\":\"m\",\"width_medium\":\"1-2\"}}]}]},{\"type\":\"section\",\"props\":{\"image_position\":\"center-center\",\"padding\":\"xsmall\",\"style\":\"primary\",\"title_breakpoint\":\"xl\",\"title_position\":\"top-left\",\"title_rotation\":\"left\",\"vertical_align\":\"middle\",\"width\":\"default\"},\"children\":[{\"type\":\"row\",\"children\":[{\"type\":\"column\",\"props\":{\"image_position\":\"center-center\",\"position_sticky_breakpoint\":\"m\"},\"children\":[{\"type\":\"breadcrumbs\",\"props\":{\"show_current\":true,\"show_home\":true}}]}]}],\"name\":\"Breadcrumb\"},{\"type\":\"section\",\"props\":{\"image_position\":\"center-center\",\"padding\":\"large\",\"style\":\"default\",\"title_breakpoint\":\"xl\",\"title_position\":\"top-left\",\"title_rotation\":\"left\",\"vertical_align\":\"middle\",\"width\":\"expand\"},\"children\":[{\"type\":\"row\",\"children\":[{\"type\":\"column\",\"props\":{\"image_position\":\"center-center\",\"position_sticky_breakpoint\":\"m\"},\"children\":[{\"type\":\"headline\",\"props\":{\"content\":\"Om os\",\"text_align\":\"center\",\"title_element\":\"h1\"}},{\"type\":\"text\",\"props\":{\"block_align\":\"center\",\"column_breakpoint\":\"m\",\"content\":\"\n\n<p>Hotel Sisimiut har sine r\\u00f8dder dybt forankret i Gr\\u00f8nlands kultur og historie og er gennem \\u00e5rene vokset til at blive en central base for eventyr i Sisimiut. Hotellet blev grundlagt med en vision om at give rejsende en autentisk oplevelse, hvor moderne g\\u00e6stfrihed m\\u00f8der Gr\\u00f8nlands spektakul\\u00e6re og r\\u00e5 natur. Fra begyndelsen har Hotel Sisimiut sat en \\u00e6re i at tilbyde komfortable faciliteter og sp\\u00e6ndende oplevelser, der binder g\\u00e6sterne t\\u00e6ttere til det arktiske landskab.<\\\/p>\",\"margin\":\"default\",\"maxwidth\":\"2xlarge\",\"maxwidth_breakpoint\":\"m\",\"text_align\":\"center\"}}]}]},{\"type\":\"row\",\"children\":[{\"type\":\"column\",\"props\":{\"image_position\":\"center-center\",\"position_sticky_breakpoint\":\"m\"},\"children\":[{\"type\":\"grid\",\"props\":{\"content_column_breakpoint\":\"m\",\"filter_align\":\"left\",\"filter_all\":true,\"filter_grid_breakpoint\":\"m\",\"filter_grid_width\":\"auto\",\"filter_position\":\"top\",\"filter_style\":\"tab\",\"grid_default\":\"1\",\"grid_medium\":\"4\",\"grid_small\":\"2\",\"icon_width\":80,\"image_align\":\"top\",\"image_grid_breakpoint\":\"m\",\"image_grid_width\":\"1-2\",\"image_height\":\"1000\",\"image_loading\":false,\"image_svg_color\":\"emphasis\",\"image_width\":\"1000\",\"item_animation\":true,\"link_style\":\"default\",\"link_text\":\"Read more\",\"margin\":\"default\",\"meta_align\":\"below-title\",\"meta_element\":\"div\",\"meta_margin\":\"small\",\"meta_style\":\"\",\"show_content\":true,\"show_image\":true,\"show_link\":true,\"show_meta\":true,\"show_title\":true,\"title_align\":\"top\",\"title_element\":\"h4\",\"title_grid_breakpoint\":\"m\",\"title_grid_width\":\"1-2\",\"title_hover_style\":\"reset\"},\"children\":[{\"type\":\"grid_item\",\"props\":{\"content\":\"\n\n<p>CEO<\\\/p>\",\"image\":\"wp-content\\\/uploads\\\/2024\\\/12\\\/Skaermbillede-2024-11-17-kl.-17.14.jpg\",\"meta\":\"\n\n<hr class=\\\"uk-divider-small\\\">\",\"title\":\"Anette Gr\\u00f8nkj\\u00e6r Lings\"}},{\"type\":\"grid_item\",\"props\":{\"content\":\"\n\n<p>Hotel Chef<\\\/p>\",\"image\":\"wp-content\\\/uploads\\\/2024\\\/12\\\/Skaermbillede-2024-12-12-181011.png\",\"meta\":\"\n\n<hr class=\\\"uk-divider-small\\\">\",\"title\":\"Sisse Bang\"}},{\"type\":\"grid_item\",\"props\":{\"content\":\"\n\n<p>K\\u00f8kkenchef<\\\/p>\",\"image\":\"wp-content\\\/uploads\\\/2024\\\/12\\\/victor-1.png\",\"meta\":\"\n\n<hr class=\\\"uk-divider-small\\\">\",\"title\":\"Victor Mondejar\"}},{\"type\":\"grid_item\",\"props\":{\"content\":\"\n\n<p>K\\u00f8kkenchef<\\\/p>\",\"image\":\"wp-content\\\/uploads\\\/2024\\\/12\\\/Noel-2.png\",\"meta\":\"\n\n<hr class=\\\"uk-divider-small\\\">\",\"title\":\"Noel Mondejar\"}}],\"name\":\"Grid - Staff\"}]}]}]},{\"type\":\"section\",\"props\":{\"image_position\":\"center-center\",\"style\":\"primary\",\"title_breakpoint\":\"xl\",\"title_position\":\"top-left\",\"title_rotation\":\"left\",\"vertical_align\":\"middle\",\"width\":\"default\"},\"children\":[{\"type\":\"row\",\"children\":[{\"type\":\"column\",\"props\":{\"image_position\":\"center-center\",\"position_sticky_breakpoint\":\"m\"},\"children\":[{\"type\":\"headline\",\"props\":{\"content\":\"\\\"P\\u00e5 tur - aldrig sur\\\"\",\"text_align\":\"center\",\"title_element\":\"h2\"}}]}]}]},{\"type\":\"section\",\"props\":{\"image_position\":\"center-center\",\"style\":\"default\",\"title_breakpoint\":\"xl\",\"title_position\":\"top-left\",\"title_rotation\":\"left\",\"vertical_align\":\"middle\",\"width\":\"default\"},\"children\":[{\"type\":\"row\",\"children\":[{\"type\":\"column\",\"props\":{\"image_position\":\"center-center\",\"position_sticky_breakpoint\":\"m\"},\"children\":[{\"type\":\"headline\",\"props\":{\"content\":\"100% Gr\\u00f8nlandsk ejet\",\"text_align\":\"center\",\"title_element\":\"h2\"}}]}]},{\"type\":\"row\",\"props\":{\"layout\":\"1-2,1-2\"},\"children\":[{\"type\":\"column\",\"props\":{\"image_position\":\"center-center\",\"position_sticky_breakpoint\":\"m\",\"width_medium\":\"1-2\"},\"children\":[{\"type\":\"text\",\"props\":{\"column_breakpoint\":\"m\",\"content\":\"\n\n<p>I 2008 blev Hotel Sisimiut ApS officielt registreret og drives i dag af Anette Gr\\u00f8nkj\\u00e6r Lings og Bo Lings, med Magnus Agerskov som bestyrelsesformand.<\\\/p>\\n\n\n<p>Anette, fungerer som administrerende direkt\\u00f8r, og de tre arbejder t\\u00e6t sammen for at sikre hotellets fortsatte udvikling. Sammen fokuserer de p\\u00e5 at fremme b\\u00e6redygtighed, lokal forankring og skabe autentiske oplevelser for g\\u00e6sterne. Deres engagement str\\u00e6kker sig ud over hotellet, da Anette og Bo ogs\\u00e5 har grundlagt Backcountry Greenland, som tilbyder dybdeg\\u00e5ende ture i Gr\\u00f8nlands fantastiske vildmark.<\\\/p>\\n\n\n<p>Hotel Sisimiut er og forbliver 100% gr\\u00f8nlandsk ejet. Med en dybf\\u00f8lt passion for Gr\\u00f8nlands sk\\u00f8nhed og eventyr minder Anette ofte om deres filosofi: \\u201cP\\u00e5 tur \\u2013 aldrig sur!\\u201d En livsindstilling, der afspejler det engagement og den gl\\u00e6de, som hele teamet bringer til arbejdet hver dag.<\\\/p>\",\"margin\":\"default\"}}]},{\"type\":\"column\",\"props\":{\"image_position\":\"center-center\",\"position_sticky_breakpoint\":\"m\",\"width_medium\":\"1-2\"},\"children\":[{\"type\":\"image\",\"props\":{\"image\":\"wp-content\\\/uploads\\\/2024\\\/12\\\/Skaermbillede-2024-11-19-180924.png\",\"image_svg_color\":\"emphasis\",\"margin\":\"default\"}}]}]}]}],\"version\":\"4.3.5\",\"yooessentialsVersion\":\"2.2.30\"} --><\/p>\n","protected":false},"excerpt":{"rendered":"<p>Om os Om os Hotel Sisimiut har sine r\u00f8dder dybt forankret i Gr\u00f8nlands kultur og historie og er gennem \u00e5rene vokset til at blive en central base for eventyr i Sisimiut. Hotellet blev grundlagt med en vision om at give rejsende en autentisk oplevelse, hvor moderne g\u00e6stfrihed m\u00f8der Gr\u00f8nlands spektakul\u00e6re og r\u00e5 natur. Fra begyndelsen [&hellip;]<\/p>\n","protected":false},"author":3,"featured_media":0,"parent":1584,"menu_order":0,"comment_status":"closed","ping_status":"closed","template":"","meta":{"_acf_changed":false,"footnotes":""},"class_list":["post-3422","page","type-page","status-publish","hentry"],"acf":[],"yoast_head":"<!-- This site is optimized with the Yoast SEO plugin v27.4 - https:\/\/yoast.com\/product\/yoast-seo-wordpress\/ -->\n<title>Om os - Backcountry Greenland<\/title>\n<meta name=\"robots\" content=\"index, follow, max-snippet:-1, max-image-preview:large, max-video-preview:-1\" \/>\n<link rel=\"canonical\" href=\"https:\/\/backcountrygreenland.com\/kal\/om-os\/om-os-2\/\" \/>\n<meta property=\"og:locale\" content=\"en_US\" \/>\n<meta property=\"og:type\" content=\"article\" \/>\n<meta property=\"og:title\" content=\"Om os - Backcountry Greenland\" \/>\n<meta property=\"og:description\" content=\"Om os Om os Hotel Sisimiut har sine r\u00f8dder dybt forankret i Gr\u00f8nlands kultur og historie og er gennem \u00e5rene vokset til at blive en central base for eventyr i Sisimiut. Hotellet blev grundlagt med en vision om at give rejsende en autentisk oplevelse, hvor moderne g\u00e6stfrihed m\u00f8der Gr\u00f8nlands spektakul\u00e6re og r\u00e5 natur. Fra begyndelsen [&hellip;]\" \/>\n<meta property=\"og:url\" content=\"https:\/\/backcountrygreenland.com\/kal\/om-os\/om-os-2\/\" \/>\n<meta property=\"og:site_name\" content=\"Backcountry Greenland\" \/>\n<meta property=\"article:modified_time\" content=\"2025-02-13T14:04:03+00:00\" \/>\n<meta property=\"og:image\" content=\"https:\/\/backcountrygreenland.com\/wp-content\/uploads\/2024\/12\/Skaermbillede-2024-11-19-180924.png\" \/>\n\t<meta property=\"og:image:width\" content=\"900\" \/>\n\t<meta property=\"og:image:height\" content=\"905\" \/>\n\t<meta property=\"og:image:type\" content=\"image\/png\" \/>\n<meta name=\"twitter:card\" content=\"summary_large_image\" \/>\n<meta name=\"twitter:label1\" content=\"Est. reading time\" \/>\n\t<meta name=\"twitter:data1\" content=\"1 minute\" \/>\n<script type=\"application\/ld+json\" class=\"yoast-schema-graph\">{\"@context\":\"https:\\\/\\\/schema.org\",\"@graph\":[{\"@type\":\"WebPage\",\"@id\":\"https:\\\/\\\/backcountrygreenland.com\\\/kal\\\/om-os\\\/om-os-2\\\/\",\"url\":\"https:\\\/\\\/backcountrygreenland.com\\\/kal\\\/om-os\\\/om-os-2\\\/\",\"name\":\"Om os - Backcountry Greenland\",\"isPartOf\":{\"@id\":\"https:\\\/\\\/backcountrygreenland.com\\\/kal\\\/#website\"},\"datePublished\":\"2025-02-13T14:04:02+00:00\",\"dateModified\":\"2025-02-13T14:04:03+00:00\",\"breadcrumb\":{\"@id\":\"https:\\\/\\\/backcountrygreenland.com\\\/kal\\\/om-os\\\/om-os-2\\\/#breadcrumb\"},\"inLanguage\":\"kal\",\"potentialAction\":[{\"@type\":\"ReadAction\",\"target\":[\"https:\\\/\\\/backcountrygreenland.com\\\/kal\\\/om-os\\\/om-os-2\\\/\"]}]},{\"@type\":\"BreadcrumbList\",\"@id\":\"https:\\\/\\\/backcountrygreenland.com\\\/kal\\\/om-os\\\/om-os-2\\\/#breadcrumb\",\"itemListElement\":[{\"@type\":\"ListItem\",\"position\":1,\"name\":\"Home\",\"item\":\"https:\\\/\\\/backcountrygreenland.com\\\/kal\\\/\"},{\"@type\":\"ListItem\",\"position\":2,\"name\":\"Om os\"}]},{\"@type\":\"WebSite\",\"@id\":\"https:\\\/\\\/backcountrygreenland.com\\\/kal\\\/#website\",\"url\":\"https:\\\/\\\/backcountrygreenland.com\\\/kal\\\/\",\"name\":\"Backcountry Greenland\",\"description\":\"Backcountry Greenland\",\"potentialAction\":[{\"@type\":\"SearchAction\",\"target\":{\"@type\":\"EntryPoint\",\"urlTemplate\":\"https:\\\/\\\/backcountrygreenland.com\\\/kal\\\/?s={search_term_string}\"},\"query-input\":{\"@type\":\"PropertyValueSpecification\",\"valueRequired\":true,\"valueName\":\"search_term_string\"}}],\"inLanguage\":\"kal\"}]}<\/script>\n<!-- \/ Yoast SEO plugin. -->","yoast_head_json":{"title":"Om os - Backcountry Greenland","robots":{"index":"index","follow":"follow","max-snippet":"max-snippet:-1","max-image-preview":"max-image-preview:large","max-video-preview":"max-video-preview:-1"},"canonical":"https:\/\/backcountrygreenland.com\/kal\/om-os\/om-os-2\/","og_locale":"en_US","og_type":"article","og_title":"Om os - Backcountry Greenland","og_description":"Om os Om os Hotel Sisimiut har sine r\u00f8dder dybt forankret i Gr\u00f8nlands kultur og historie og er gennem \u00e5rene vokset til at blive en central base for eventyr i Sisimiut. Hotellet blev grundlagt med en vision om at give rejsende en autentisk oplevelse, hvor moderne g\u00e6stfrihed m\u00f8der Gr\u00f8nlands spektakul\u00e6re og r\u00e5 natur. Fra begyndelsen [&hellip;]","og_url":"https:\/\/backcountrygreenland.com\/kal\/om-os\/om-os-2\/","og_site_name":"Backcountry Greenland","article_modified_time":"2025-02-13T14:04:03+00:00","og_image":[{"width":900,"height":905,"url":"https:\/\/backcountrygreenland.com\/wp-content\/uploads\/2024\/12\/Skaermbillede-2024-11-19-180924.png","type":"image\/png"}],"twitter_card":"summary_large_image","twitter_misc":{"Est. reading time":"1 minute"},"schema":{"@context":"https:\/\/schema.org","@graph":[{"@type":"WebPage","@id":"https:\/\/backcountrygreenland.com\/kal\/om-os\/om-os-2\/","url":"https:\/\/backcountrygreenland.com\/kal\/om-os\/om-os-2\/","name":"Om os - Backcountry Greenland","isPartOf":{"@id":"https:\/\/backcountrygreenland.com\/kal\/#website"},"datePublished":"2025-02-13T14:04:02+00:00","dateModified":"2025-02-13T14:04:03+00:00","breadcrumb":{"@id":"https:\/\/backcountrygreenland.com\/kal\/om-os\/om-os-2\/#breadcrumb"},"inLanguage":"kal","potentialAction":[{"@type":"ReadAction","target":["https:\/\/backcountrygreenland.com\/kal\/om-os\/om-os-2\/"]}]},{"@type":"BreadcrumbList","@id":"https:\/\/backcountrygreenland.com\/kal\/om-os\/om-os-2\/#breadcrumb","itemListElement":[{"@type":"ListItem","position":1,"name":"Home","item":"https:\/\/backcountrygreenland.com\/kal\/"},{"@type":"ListItem","position":2,"name":"Om os"}]},{"@type":"WebSite","@id":"https:\/\/backcountrygreenland.com\/kal\/#website","url":"https:\/\/backcountrygreenland.com\/kal\/","name":"Backcountry Greenland","description":"Backcountry Greenland","potentialAction":[{"@type":"SearchAction","target":{"@type":"EntryPoint","urlTemplate":"https:\/\/backcountrygreenland.com\/kal\/?s={search_term_string}"},"query-input":{"@type":"PropertyValueSpecification","valueRequired":true,"valueName":"search_term_string"}}],"inLanguage":"kal"}]}},"_links":{"self":[{"href":"https:\/\/backcountrygreenland.com\/kal\/wp-json\/wp\/v2\/pages\/3422","targetHints":{"allow":["GET"]}}],"collection":[{"href":"https:\/\/backcountrygreenland.com\/kal\/wp-json\/wp\/v2\/pages"}],"about":[{"href":"https:\/\/backcountrygreenland.com\/kal\/wp-json\/wp\/v2\/types\/page"}],"author":[{"embeddable":true,"href":"https:\/\/backcountrygreenland.com\/kal\/wp-json\/wp\/v2\/users\/3"}],"replies":[{"embeddable":true,"href":"https:\/\/backcountrygreenland.com\/kal\/wp-json\/wp\/v2\/comments?post=3422"}],"version-history":[{"count":1,"href":"https:\/\/backcountrygreenland.com\/kal\/wp-json\/wp\/v2\/pages\/3422\/revisions"}],"predecessor-version":[{"id":3448,"href":"https:\/\/backcountrygreenland.com\/kal\/wp-json\/wp\/v2\/pages\/3422\/revisions\/3448"}],"up":[{"embeddable":true,"href":"https:\/\/backcountrygreenland.com\/kal\/wp-json\/wp\/v2\/pages\/1584"}],"wp:attachment":[{"href":"https:\/\/backcountrygreenland.com\/kal\/wp-json\/wp\/v2\/media?parent=3422"}],"curies":[{"name":"wp","href":"https:\/\/api.w.org\/{rel}","templated":true}]}}